h. Does 5 divide s?
False
Let l = 2 - -41. Is 12 a factor of l?
False
Let l(o) = -o**3. Suppose -5*s = -2*w + w - 18, 5*s = -4*w + 3. Is l(w) a multiple of 11?
False
Let d = -15 + 18. Is d a multiple of 3?
True
Let k = 207 + 0. Is k a multiple of 32?
False
Suppose a + 45 = -4*a. Does 12 divide 30/9*(0 - a)?
False
Let b = 54 + -108. Suppose -3*k - 58 = 2*u - 0*u, 0 = -5*u - 5*k - 140. Let a = u - b. Is a a multiple of 14?
True
Let d = -9 + 13. Let b(l) = 2*l**3 - 6*l**2 + 4*l. Is 13 a factor of b(d)?
False
Suppose 6*g = 5*g + 135. Does 11 divide g?
False
Is 31 a factor of 1*(4/4)/(2/358)?
False
Let x(g) be the third derivative of 1/10*g**5 - 4/3*g**3 + 0 - g**2 + 0*g + 1/4*g**4 - 1/120*g**6. Does 14 divide x(6)?
True
Let r = 1 - -1. Suppose -r*x = -40 + 12. Does 6 divide x?
False
Let w = 11 - 8. Suppose 5*m - 4 = -5*b - 89, w*b = 5*m + 85. Let c = 24 + m. Does 7 divide c?
True
Let p(l) = 3*l**3 - l + 1. Let h be p(1). Suppose -h*i + m - 10 = 3*m, -5 = -2*i + m. Let v = 3 + i. Does 2 divide v?
False
Suppose 4*l = 2*w - 420, w = -l - 4*l + 210. Suppose 2*q = -3*q + w. Is q a multiple of 15?
False
Let j = -12 - -26. Let i = j + 4. Does 16 divide 4/i - (-1160)/45?
False
Let q(f) = -f**2 + 12*f - 3. Suppose -z - z = -16. Is 28 a factor of q(z)?
False
Suppose -3*w + 4 = m + 1, 3*m - 9 = -4*w. Suppose m*f - 5*b + 3 = f, 0 = -3*f - 5*b + 33. Is f a multiple of 6?
True
Let p(a) = 1 - 3 - 3 + 2*a. Is p(6) a multiple of 3?
False
Suppose -5*z + 3*f = -174, 0*z + z + 3*f = 42. Is 12 a factor of z?
True
Suppose -4*d = 2*m + 22, -2*d = -5*m + 3*m + 14. Is (d/8)/((-2)/8) even?
False
Suppose 5*i + 6 = 4*h, 5*h + 2*i + 7 = 31. Suppose h*b - 16 = -0*b. Suppose 0 = -b*m - 3*f + 87, -m = 2*m + 4*f - 60. Is m a multiple of 12?
True
Let c be (-2)/(-7) - (-52)/14. Is (c*-4 - -3)*-1 a multiple of 9?
False
Suppose 4*v = -3*r + 8, 0*r - 4*v - 40 = -3*r. Is r a multiple of 8?
True
Suppose 0*x = 3*x + 84. Is x/(-5) - (-3)/(-5) a multiple of 5?
True
Suppose -3*w - 211 - 53 = -3*h, 5*w = -2*h - 461. Let k = 161 + w. Is k a multiple of 13?
False
Suppose -8 = 4*x, 3*i - 5*x - 42 = 2*i. Does 4 divide i?
True
Suppose w - 2 = -2*d + 10, 3*w + 5*d = 39. Let v be ((-100)/6)/((-6)/w). Suppose -4*g + b = 3*b - v, 5*b + 57 = 3*g. Is g a multiple of 4?
False
Let v(t) = 2*t**2 + 3*t. Let o be v(-2). Suppose a + y - 44 = 19, o*y = -5*a + 318. Is a a multiple of 16?
True
Suppose 4*m - 9*m = -5*p - 735, -3*m + 5*p + 447 = 0. Is 18 a factor of m?
True
Let a = -17 + 31. Let p be 32/14 + (-4)/a. Suppose -o = -p - 4. Is o a multiple of 6?
True
Let f = 4 - 4. Let d(u) = -3*u + 11*u - 5 + f. Is 7 a factor of d(4)?
False
Let t(r) = 6*r**2 + r - 3. Let a(n) = n**2 - 10*n + 6. Let z be a(9). Is t(z) a multiple of 24?
True
Does 18 divide -18*(-1 - (-10)/(-6))?
False
Is 14 a factor of 1 - -2 - (-114)/(3 - -3)?
False
Suppose 3*k + 26 = y - 11, -y - k + 25 = 0. Is 14 a factor of y?
True
Let i(q) = 6*q**2 - q + 1. Let s be i(-2). Let d = -18 + s. Is d a multiple of 8?
False
Suppose 145 + 91 = 4*s. Is 11 a factor of s?
False
Let o be (-3)/(2 - (-6)/(-4)). Let i be (2*21/o)/1. Let p(w) = -w**3 - 7*w**2 + 7. Does 4 divide p(i)?
False
Let y = -2 + 3. Suppose -2*k + 2 = o, -3 = -4*k + o + y. Suppose -j - k = 3, 0 = -2*s - 2*j + 4. Does 3 divide s?
True
Let p = 26 - -88. Is 19 a factor of p?
True
Suppose 5*g = -42 + 2. Let v be (-14)/(-4) - 4/g. Is (-2 + -1 + 13)*v a multiple of 15?
False
Suppose -2*w + 3*m = -2 + 18, 2*m = 5*w + 29. Let g be (-21)/15 - 4/(-10). Let x = g - w. Does 4 divide x?
True
Suppose -u - 2*u = -2*p - 74, -2*u - 5*p = -43. Suppose -2*m = m - u. Does 3 divide m?
False
Let x = -23 - -16. Let d = x - -31. Is 8 a factor of d?
True
Does 2 divide 8/10*20*(-7)/(-8)?
True
Let w(s) = -s**3 - 9*s**2 - 10*s + 1. Let d(i) = -i**3 + 5*i**2 - 7*i + 4. Let n be (-4)/(-14) + (-52)/(-14). Let b be d(n). Is w(b) a multiple of 5?
False
Let g = 1 - 1. Suppose 202 = 5*t - 2*z + 47, 2*z + 10 = g. Is 15 a factor of t?
False
Let h be 60/14 + (-4)/14. Suppose h*i = -22 + 130. Is i a multiple of 25?
False
Is 11 a factor of 11/33 - (-95)/3?
False
Let d = -78 + 133. Is d a multiple of 11?
True
Suppose 0 = -22*p + 19*p + 144. Is 48 a factor of p?
True
Let f = 15 + -9. Is 4/f + 363/9 a multiple of 13?
False
Let u(z) = 6*z - 4. Does 16 divide u(14)?
True
Let y = -33 + 23. Let i(t) = -1 + t - 4*t - 6. Is i(y) a multiple of 13?
False
Let u = -4 + 7. Let i be (-1)/(-1) - (-24 - -2). Suppose -28 - i = -u*y. Does 17 divide y?
True
Let c(t) = -2*t - 3. Let r(s) = 10*s + 16. Let x(f) = -11*c(f) - 2*r(f). Let b be x(2). Let d = 27 + b. Is d a multiple of 16?
True
Let p be ((-6)/(-3))/((-4)/(-10)). Suppose -5*h - 15 = -p*v, 2*h + 19 = 4*h + 3*v. Does 3 divide (-3 + 15)*1/h?
True
Suppose 0*z - 22 = 4*z + 3*d, -z + 4*d - 15 = 0. Let i be (-21)/(-4) + z/28. Suppose i*a = 5*c, -2*a + 24 = -a + 5*c. Is a a multiple of 4?
True
Let v = 4 - 4. Suppose -j - j + 8 = v. Is j even?
True
Suppose 3*q = -4*f - 6, 0*f - 3*f = 2*q + 4. Suppose f = -v + 2*v - 34. Does 17 divide v?
True
Let b = -8 - -20. Let y = b - -6. Is y a multiple of 8?
False
Let c(b) = -3*b**3 - 6*b**2 + 9*b + 2. Let q(w) = w + 1. Let m(v) = v**3 + v**2. Let f(u) = m(u) - q(u). Let j(d) = c(d) + 4*f(d). Does 11 divide j(3)?
True
Let p = -69 - -141. Is p a multiple of 18?
True
Let z(k) = 2*k**3 + k**2 - k. Let o be z(1). Let r be o/(-1) + (-84)/(-4). Let b = r - 5. Is b a multiple of 14?
True
Suppose -5*y - 195 = -5*v, 5*v - 160 + 10 = -4*y. Let b = -169 - -176. Let a = b + v. Is 9 a factor of a?
False
Suppose -5*s - 5*g + 35 = 0, 2 - 7 = s - 3*g. Suppose s*d + 58 = 166. Suppose 2*w - 7 = d. Is w a multiple of 6?
False
Let v(j) be the third derivative of j**5/60 + j**4/24 + j**3/6 + 4*j**2. Let y be v(-2). Suppose -3*i = y*w + 2*w - 15, -4*i = 0. Does 3 divide w?
True
Let x(b) = -3*b + 5*b**2 + 5 - b**3 + 3*b + b. Suppose 3 = -o + 8. Is 6 a factor of x(o)?
False
Suppose 0 = 3*m + 118 + 14. Let t = m + 120. Is t a multiple of 20?
False
Let g = -140 + 182. Is g a multiple of 7?
True
Let n = 40 - 32. Is 8 a factor of n?
True
Suppose -2*b = 3*r + 2*b - 374, 5 = b. Does 6 divide (-7)/(-35) + r/10?
True
Let d = -3 + -2. Let a = -1 - d. Is 2 a factor of a?
True
Let x be 3 - (4 - -1 - 2). Suppose x = -2*b + 14 + 46. Does 10 divide b?
True
Suppose -3*y + 6*i + 18 = 3*i, -5*y - 4*i = 15. Is 4 a factor of -2*(-6 - y) - 1?
False
Let q(z) = z**3 - 18*z**2 + 19*z + 12. Is q(17) a multiple of 4?
False
Let m be 4 + -3 + -2 - 355. Does 10 divide m/(-18) + 2/9?
True
Suppose -5 = 5*t - 35. Let u = 4 + t. Does 5 divide u?
True
Suppose -2*s + 6*s = 2*x - 16, 65 = 4*x + 3*s. Let f be 6/(-21) + 32/x. Suppose -96 = -4*z + 4*i, z + 2*i = -f*z + 97. Is 14 a factor of z?
False
Suppose -4 + 8 = 2*l. Suppose -2*o = -3*w + 118, -3*w = -o + 4*o - 138. Suppose -2*a = 2*y - 24, -y - l*y - 5*a + w = 0. Does 5 divide y?
False
Suppose 13 + 22 = 5*z. Is z a multiple of 2?
False
Let m(y) = -3*y - 12. Let o(g) = g - 1. Let j(p) = m(p) + 4*o(p). Let q be j(7). Let x = q - -15. Does 5 divide x?
False
Let l be (-1)/(-1) + -1 + 25. Suppose -3*o + 5*t = -5*o + 52, -o - 2*t + l = 0. Does 7 divide o?
True
Suppose -5*s + 773 = 23. Is 10 a factor of s/(-2)*(-4)/12?
False
Let x = 80 + -24. Does 14 divide x?
True
Let o = -3 + -1. Let k be (-2 + 0)/((-10)/55). Let w = o + k. Is 3 a factor of w?
False
Suppose -8*f + 7*f = -37. Suppose 3*i - 29 = 4*j, 5*i - i - 5*j - f = 0. Suppose -m - 3*m = -o - i, 5*m = -5*o + 60. Is o a multiple of 9?
True
Let n(x) = 6*x**2 + 20*x - 22. Is 22 a factor of n(-7)?
True
Let p(z) = z**3 + 2*z**2 + z + 2. Let n be p(-2). Suppose -q + 2 = -2*w, -5 = -q - n*w - w. Suppose -3*y = -q*y + 55. Is y a multiple of 21?
False
Suppose 2*o - 5 = -1. Let p(j) = 1 - o*j + j + 3*j. Does 6 divide p(6)?
False
Suppose 0*n - 2*a + 1 = -5*n, n - 2*a + 5 = 0. Let j be 3*-1*-5 - n. Is 3 a factor of 102/j - (-2)/(-7)?
False
Suppose 5*v = 5 - 0. Let j(d) be the third derivative of d**6/12 + 2*d**2. Is j(v) a multiple of 10?
True
Let h(s) = s**3 - 4*s**2 - s - 2. Let q be h(4). Let d be ((-2)/(-4))/((-1)/q). Let u(m) = 3*m**2 + m. Is 15 a factor of u(d)?
True
Suppose 0 = 9*b - 4*b - 435. Is 14 a factor of b?
False
Suppose v + 3*x - 52 = 0, 0 = 5*x + 14 + 1. Does 4 divide v?
False
Suppose f + z - 2 = -0*f, -2*f + 